 common factor of a and 72.
24
Let m be (-2 + 7)/5 + 22. Calculate the highest common divisor of m and 207.
23
Let i(m) = -m**2 - 4*m + 2. Let x be i(-6). Let j = x - -19. What is the greatest common divisor of j and 72?
9
Let p = 7 + 259. Suppose 0 = -2*r - y - 2*y + p, -5*r + 4*y = -619. Suppose 0 = -3*z + 4*g + r, -4 = -5*g + 3*g. What is the highest common factor of z and 15?
15
Suppose -3*f - f + 2*s = -26, 3*f + 2*s = 2. Suppose 8 = w - h, f*w + h = 8 + 4. Calculate the greatest common factor of 12 and w.
4
Suppose -5 = -n + g, -4*g + 29 + 7 = 3*n. What is the highest common divisor of 88 and n?
8
Let h = 3 - -30. Calculate the greatest common divisor of 11 and h.
11
Let f = -6 + -3. Let o = 13 - f. Calculate the highest common factor of 11 and o.
11
Suppose 4*w - 91 = -5*a + 6, w + 44 = 2*a. Calculate the greatest common divisor of 189 and a.
21
Let q = -134 - -233. What is the highest common divisor of 9 and q?
9
Let r be (-2)/(4/(-2))*14. Let j be ((-3)/3)/(3/(-105)). Calculate the highest common factor of j and r.
7
Let r(q) = q**3 + 4*q**2 - q. Let z be r(-4). Calculate the greatest common divisor of z and 8.
4
Let a = 6 - 4. Suppose -a*o + 24 = o. Let n be (24/9)/(2/54). Calculate the greatest common divisor of o and n.
8
Suppose 4*v + j = v + 58, 2*v + 4*j = 32. Calculate the highest common divisor of v and 170.
10
Let j(d) = d**2 - 9*d + 11. Let c be j(8). Suppose -c*z + 14 = -z. What is the highest common factor of 35 and z?
7
Let v be 4*7 - (4 - 3). Let t = v + -15. Let a be 49 + (-1 + 1 - 1). Calculate the highest common factor of a and t.
12
Let d(m) = -m**3 + 2 - 1 - 10 + 9*m**2 - 9*m. Let o be d(7). Suppose l = 22 + o. Calculate the greatest common divisor of 6 and l.
6
Suppose -2*a + 21 = -a. Let m = a + -93. Let t = 108 + m. What is the greatest common factor of t and 4?
4
Let g = 125 - 65. Let h = -14 + 29. What is the highest common divisor of h and g?
15
Suppose 5 = o - 19. What is the greatest common factor of 32 and o?
8
Let l be ((-4)/(-5))/((-1)/30). Let f = l + 91. Suppose -4*n + 293 = -f. Calculate the highest common divisor of n and 36.
18
Let n(i) = -12*i - 8. Let q be n(-3). What is the greatest common factor of q and 98?
14
Let i be (0 - -29)/(3 - 2). Suppose o + 4*g - 5 = 2*o, -3*o + i = -g. Calculate the greatest common divisor of 22 and o.
11
Let s = 225 + 36. What is the greatest common divisor of s and 9?
9
Suppose 23 + 29 = 4*s. Let f = 3 - 0. Suppose f*c - 48 = 147. Calculate the greatest common factor of c and s.
13
Let o be 315/(-7)*(-2)/6. Let l = o - 4. What is the greatest common factor of l and 22?
11
Suppose x + 2*x - 150 = 0. Suppose 5*c + v = 100, -c - 4*v - 60 = -4*c. Calculate the greatest common factor of c and x.
10
Let x(o) = o**2 + 2*o + 3. Let q be x(3). Let v be -1*(-2 + (5 + -4)*-1). What is the highest common factor of q and v?
3
Let i be -3*3/(-9)*0. Suppose -5*w + 3*o + 163 = i, 4*o + 89 = 3*w - 0*o. Calculate the greatest common factor of w and 7.
7
Let y = -1 - 1. Let x be y*((-14)/4)/1. Suppose -1 = t - x. Calculate the greatest common factor of t and 54.
6
Let l = 27 + -7. What is the greatest common factor of l and 20?
20
Let c(v) = -v**3 + 10*v**2 - 12*v + 1. Let p be c(8). Calculate the highest common factor of 11 and p.
11
Let p(j) = 2*j**3 - 4*j**2 - 8*j - 11. Let g be p(5). What is the greatest common divisor of 33 and g?
33
Let v = -57 + 67. What is the greatest common factor of v and 80?
10
Suppose 5*b - 3*z = 782, -z = b - 4*z - 166. Suppose 2*d - b = -24. Suppose 0 = -4*h - h + d. Calculate the greatest common factor of 52 and h.
13
Let y be (-6)/10 + 336/35. Suppose -g = y - 126. What is the greatest common divisor of g and 13?
13
Let l be 14/56 + 83/4. What is the greatest common factor of l and 3?
3
Let t = -103 + 112. Calculate the greatest common divisor of t and 9.
9
Suppose 4*y = 4*w - 960, 1000 = -0*w + 4*w + 4*y. What is the greatest common divisor of 35 and w?
35
Suppose 6*k + 95 = 281. What is the highest common divisor of 341 and k?
31
Let h be ((-8)/(-3))/((-2)/(-3)). Suppose h*l = 2*l + 12. Suppose -3*k - 7 = -x + 56, 3*x - 3*k - 195 = 0. Calculate the highest common factor of x and l.
6
Let h(y) = -y**2 - 8*y - 8. Let x be h(-6). Suppose -x*u - 14 + 58 = 0. What is the greatest common divisor of u and 22?
11
Let j be (-1902)/(-30) + (-6)/(-10). What is the greatest common divisor of 8 and j?
8
Let c = -9 + 6. Let l be (6/c)/((-2)/5). What is the greatest common factor of l and 20?
5
Let s(b) = b**3 - 6*b**2 + 10*b + 7. Let w be s(5). What is the highest common factor of w and 32?
32
Let g = -17 - -47. What is the highest common factor of g and 30?
30
Let x(i) = -i**3 - 22*i**2 - 22*i - 11. Let n be x(-21). What is the greatest common factor of 10 and n?
10
Suppose 3*b = 4*u - 37 + 10, -2*u + 4*b = -16. Let j = 5 + u. What is the greatest common factor of j and 11?
11
Let b = 1 + -11. Suppose 3*w = 4 - 19. Let o be w*(2 - (-28)/b). Calculate the greatest common divisor of 28 and o.
4
Let a = -152 - -257. Suppose a - 753 = -4*t. Let l be (-128)/(-7) + 2/(-7). Calculate the highest common divisor of l and t.
18
Suppose -3*b = -48 - 39. Calculate the greatest common divisor of b and 145.
29
Suppose -11*n + 10*n + 4 = 0. Calculate the highest common divisor of 28 and n.
4
Let q(i) = -i**3 - 5*i**2 + 4*i - 4. Suppose -p - 3 = -1. Let n be 40/(-6) + p/(-3). Let k be q(n). Calculate the highest common factor of k and 64.
8
Let z be ((-8)/(-4))/((-3)/(-12)). Let v(s) = -s**3 - s**2 + s - 4. Let y be v(-4). Calculate the greatest common divisor of z and y.
8
Let p(k) = -3 - 2*k - 3*k + 6. Let m be p(-3). Suppose 25*g - 26*g = -2. Calculate the highest common factor of m and g.
2
Suppose -7*l = -2*l. Suppose -2*d + 7*d - 200 = 0. Suppose c + 15 - d = l. Calculate the highest common divisor of 5 and c.
5
Let q = 377 + -373. Suppose -3*a + 96 = -0*a. Calculate the greatest common divisor of q and a.
4
Let p be -2 + 4 + -2 + 7. Suppose -3*o = -5*i - 31 - 5, 5*i + 1 = -2*o. What is the greatest common divisor of o and p?
7
Suppose -2*j + 6 = -0*j. Suppose j = 2*k - 23. What is the highest common factor of k and 78?
13
Let g be 1/(-1 - 18/(-15)). Suppose b - g*b + 16 = 0, -3*v - 3*b = -69. What is the greatest common factor of 19 and v?
19
Suppose -2*q - q + 150 = 0. Let h = -24 + 34. What is the highest common factor of h and q?
10
Let a = -3 + 2. Let l be a/(-1) + 136 + -1. What is the highest common factor of 17 and l?
17
Let m be 3/(-15) + (-6243)/(-15). Calculate the greatest common factor of 13 and m.
13
Let o = 5 - -9. What is the greatest common factor of 112 and o?
14
Suppose -21 = -y - 5*q - 5, 3*y + 5*q - 38 = 0. Calculate the greatest common factor of 11 and y.
11
Let y = -7 + 17. Let q(p) = -p**3 + 6*p**2 + 8*p - 2. Let h be 14/((-7)/(7/(-2))). Let k be q(h). Calculate the highest common divisor of y and k.
5
Let l be (-2)/(1 - (-74)/(-70)). What is the highest common factor of l and 5?
5
Let o = -8 - -10. Suppose -k - 16 = -o*k. What is the greatest common divisor of 8 and k?
8
Suppose 0 = 2*r - 36 - 100. Calculate the greatest common divisor of r and 17.
17
Let o be (16/10)/(2/25). Let d = 8 + -6. Suppose 0 = -m, 6*q + 2*m - 80 = d*q. What is the highest common factor of q and o?
20
Let d be ((-600)/(-18))/2 + (-4)/6. What is the greatest common divisor of d and 128?
16
Suppose 4*g - 1132 = 4*i, 2*g = -3*g - 2*i + 1394. Calculate the greatest common divisor of g and 35.
35
Let f(d) = -4*d - 2. Let w = 12 - 20. Let t be f(w). Let g be (-50)/(-2)*(4 + -1). Calculate the greatest common factor of g and t.
15
Let t(x) = -x**2 + 11*x + 3. Let o be t(9). Let k(c) = 2*c**2 - 8*c - 7. Let p be k(11). What is the highest common divisor of o and p?
21
Let o(k) = 9*k - 2. Let r be o(1). Let x = -4 + 67. Calculate the highest common factor of x and r.
7
Let i(p) = 16*p - 1. Let x be i(1). Let r(q) = -q + 0*q - 2 - 3*q. Let s be r(-3). What is the greatest common factor of x and s?
5
Let m(a) = a + 4. Let b be m(-5). Let n be 33/6 + b/2. What is the highest common divisor of n and 15?
5
Let i(l) = 9*l**2 + 2*l - 3. Let t be i(3). Let w be (-162)/(-4) + 3/6. Let c = -20 + w. Calculate the greatest common factor of t and c.
21
Let m(f) = 5*f - 25. Let z be m(8). L